w = 10 - 7. Let o be -2 + w/6*6. Calculate the highest common divisor of o and h.
1
Let w(m) = 2*m**2 + 6*m - 6. Let z be w(-4). Suppose -5*o - 7 = -z*c - 39, o + 4*c - 2 = 0. Calculate the highest common factor of o and 6.
6
Suppose -2*k + 19 = 5*s, 0 = -2*k + 3*s - 4 - 17. Let h(b) = -2*b + 2. Let l be h(k). Suppose -2*u = -0*u - 32. Calculate the highest common divisor of u and l.
8
Suppose 2*s - s = 0. Let a be (-516)/(-42) + 2/(-7). Let q = a + s. What is the highest common divisor of 12 and q?
12
Suppose -3*u + 2*z = -2*u, -u = 3*z - 20. Let y = 11 - u. Let q be 34 - (-3)/(-9)*y. What is the highest common divisor of q and 11?
11
Let i = 12 + -8. Suppose -h - i*h + 80 = 0. Calculate the greatest common factor of h and 176.
16
Suppose 1 = 2*t - 47. Calculate the highest common divisor of 16 and t.
8
Let z(x) = -x**2 - 7*x + 7. Let j be z(-5). Calculate the greatest common factor of j and 68.
17
Suppose 3 = 2*f - 5, -2*t - 6 = 2*f. Let d(s) = s**2 + 5*s. Let b be d(t). Calculate the highest common factor of b and 56.
14
Let t be 4 - 7/(14/(-64)). What is the greatest common factor of t and 9?
9
Let o be (-1)/(-5) + 55/(-25). Let l be 18/3 + -3 + o. Calculate the greatest common divisor of 9 and l.
1
Let w = -15 - -31. Let m(y) = 14*y**2 - y - 2. Let v be m(2). Let i be (v/w)/((-2)/(-8)). Calculate the greatest common factor of 91 and i.
13
Let h(d) be the third derivative of d**5/30 + 11*d**4/12 + 5*d**3/6 + 6*d**2. Let k be h(-15). What is the greatest common divisor of 50 and k?
25
Let h(n) = -30*n - 7. Let b be h(-5). Suppose 5*l = -4*d - 0*l + b, -d + 4*l + 62 = 0. Calculate the greatest common factor of 14 and d.
14
Let n = 77 - 32. Let z = 3 + n. Let c(x) = -x**3 + 5*x**2 - x + 4. Let j be c(4). What is the highest common factor of j and z?
16
Let y be ((-13)/3 - -3)/((-6)/108). Let l = -22 + 82. What is the greatest common divisor of l and y?
12
Suppose -3*a - x + 18 = -10, -2*a + 28 = -4*x. Let p = 26 - a. Let k be (16/6)/((-1)/(-9)). Calculate the highest common factor of p and k.
8
Let f be (-1)/(-5) + 4797/15. What is the highest common divisor of 40 and f?
40
Suppose 6*v - 16 = 2*v. Suppose v*i + 0*i - 40 = 0. Suppose 0 = 2*k - 55 + 15. Calculate the highest common divisor of i and k.
10
Let z be (-1)/2 - 6/(-4). Let g = 11 + -10. Let s be (4 - (-1 + 3))/g. Calculate the highest common factor of s and z.
1
Suppose 4*w - 3*v - 73 = 0, -v = 5*w + 3*v - 130. Suppose -24 = -p + 5*y + 12, p + 14 = -5*y. Calculate the highest common factor of p and w.
11
Let y = 83 + -73. Calculate the highest common divisor of 25 and y.
5
Let c = -4 - -48. Suppose 0 = 2*w - 6*w - 4*q + c, w + 3*q - 17 = 0. What is the highest common factor of 8 and w?
8
Suppose -s + 4*s - 5*n = 28, -3*n = 5*s - 24. What is the highest common factor of 66 and s?
6
Let c be 1/4 - 3/12. Suppose -4*z + 3*a = -10, -2*z = -0*z - 3*a - 8. Let k be 8 - (c + (z - 2)). Calculate the highest common factor of k and 9.
9
Suppose 0 = -6*k + 14*k - 24. Suppose -3*i + 0*i = 3*l - 99, -33 = -i - 2*l. What is the highest common factor of i and k?
3
Let k(g) be the third derivative of g**6/120 + g**5/15 + g**4/8 + g**3/6 - g**2. Let p be k(-3). What is the highest common divisor of 8 and p?
1
Let w = 2 - -11. Let n be 8/60 + 193/15. Calculate the highest common divisor of n and w.
13
Suppose j = 5*j - 2*y - 8, -5*y = 3*j - 6. Let x(b) = j + 2 + 2*b - 4. Let g be x(6). What is the greatest common factor of 36 and g?
12
Let z(l) = -l**3 - 6*l**2 - 7*l + 8. Let r be z(-4). Calculate the greatest common factor of 2 and r.
2
Suppose -5*z + 4*r - 20 = -r, -5*z = 4*r + 29. Let t(c) = -c**2 + 8*c**2 - c + c**3 + 2*c**2. Let g be t(z). Calculate the greatest common factor of 21 and g.
21
Let v(k) = -k**2 - 22*k + 3. Let p be v(-21). Calculate the greatest common divisor of p and 40.
8
Let k be -1*(-1)/(-1)*8. Let b(q) = 6*q + 7. Let n be b(k). Let y = -25 - n. What is the highest common divisor of 4 and y?
4
Suppose 5*c + 3*w - 55 = 0, -c + 4*w = 4*c - 90. Let o be (c/5)/(2/10). Let u be 14 + -2 + 1 + 1. Calculate the greatest common factor of u and o.
14
Suppose -3*i + 5 = w - 2*i, -3*i - 1 = -w. Suppose -4*v - 64 = -5*b, -w*b + 3*b - 3*v + 28 = 0. What is the highest common divisor of 40 and b?
8
Let s(k) = -k**3 - 3*k**2. Let b be s(-3). Suppose b*v - 5*y + 15 = 3*v, y = 0. Let i = 77 + -32. What is the greatest common divisor of i and v?
5
Suppose -55 = 2*t - 75. What is the highest common factor of t and 8?
2
Suppose 2*g - q = -2*g + 110, 4*g - 108 = 2*q. Calculate the greatest common divisor of 7 and g.
7
Let d(f) = -f**2 - 6*f + 7. Suppose 0 = -3*u + w - 17, 0 = 2*w + 3 - 1. Let q be d(u). Let t = -3 + q. Calculate the highest common factor of t and 32.
4
Suppose 43 = 3*p - 5*j, 2*p + 4*j - 52 + 16 = 0. Calculate the greatest common factor of 32 and p.
16
Let i(m) = -m + 14. Let b be i(8). Let r = b - -16. What is the highest common divisor of 33 and r?
11
Let t(k) = -k + 5. Let c be t(-9). Calculate the greatest common factor of 42 and c.
14
Let q = 3 - -21. Let r(w) = w**3 + 4*w**2 + w - 3. Let b be r(-2). What is the highest common divisor of b and q?
3
Let m be (-4)/3 - 64/(-12). Calculate the greatest common factor of m and 1.
1
Suppose 3*z - 4*z + 268 = -4*c, -3*z = c + 54. Let j = c - -157. What is the greatest common factor of j and 13?
13
Let c = 17 - 9. Let r be 334/c - (-3)/12. Calculate the highest common divisor of 6 and r.
6
Suppose 49*c + 726 = 52*c. Let b(l) = 21*l**2 + 2*l - 1. Let w be b(1). Suppose -w = k - 2*k. Calculate the greatest common divisor of k and c.
22
Let d = 86 - 51. Calculate the greatest common factor of d and 5.
5
Let s = 3 + 2. Suppose -2*n = 3*d + d - 2, -2*n + 2 = 3*d. Suppose d = -3*c + 8 - 2. What is the greatest common factor of s and c?
1
Suppose -13*b + 46 = -11*b. Calculate the highest common factor of 46 and b.
23
Suppose 20 = 5*g, -3*u + 2*g + 162 = 5*g. What is the greatest common divisor of u and 10?
10
Let f(o) = 2*o**2 - 3*o - 15. Let h be f(6). What is the highest common factor of 26 and h?
13
Let k = -104 - -188. Let d = -57 + k. Calculate the greatest common factor of d and 3.
3
Let o = 26 + 31. Suppose 0 = -5*r + 43 + o. Suppose -3*v = 2*v + 2*g - r, -5*g - 31 = -v. Calculate the highest common divisor of 9 and v.
3
Let w be 14 + (-2 - 2 - -5). What is the greatest common divisor of 90 and w?
15
Let p(v) = 3*v**2 - v + 17. Let l be p(4). Suppose 0 = -n - 3*n + 60. Suppose -2*y = -n - l. What is the highest common factor of y and 95?
19
Let v = 10 - 7. Suppose -2 - 14 = -q - 4*s, v*q - 4*s - 96 = 0. Calculate the highest common factor of q and 14.
14
Let h(x) = -x**2 - 9*x + 9. Let y be (-2)/(0 - 6/(-27)). Let m be h(y). What is the greatest common divisor of 72 and m?
9
Suppose -3*g - 15 + 0 = 0, -2*g - 82 = -2*j. Calculate the greatest common divisor of 18 and j.
18
Let i be ((-2)/6)/((-4)/36). Suppose -i = -3*p + 2*p. Suppose -j = p*j - 36. Calculate the highest common factor of j and 45.
9
Suppose 88 = -23*k + 1238. Suppose 0*w + 20 = w - 3*q, -w - 3*q = -20. Calculate the greatest common factor of k and w.
10
Let r(c) = c + 10. Let f be r(-7). Let u be -4 + (-180)/(-25) + (-2)/10. What is the greatest common divisor of f and u?
3
Let g = 111 + -336. Let v = 156 + g. Let c = -34 - v. Calculate the highest common factor of c and 14.
7
Suppose 2*f = -2*k, -2*f = f + 6. Let w be 311/k + (-33)/22. Calculate the highest common divisor of 22 and w.
22
Let t be (-8)/2*38/(-8). Let b be -4 - -1 - -44 - 3. What is the highest common divisor of t and b?
19
Let o be 120/(-14)*(-7 - 0). Calculate the greatest common factor of 12 and o.
12
Suppose -4*n + v = -56, -n - 2*n = 3*v - 57. Suppose -424 = -0*x - 4*x + 4*p, -3*x = 4*p - 311. What is the greatest common divisor of x and n?
15
Let h = 14 + -1. Calculate the highest common factor of h and 117.
13
Let u(t) = 4*t**2 - 8*t - 28. Let i be u(-5). What is the highest common divisor of 16 and i?
16
Let i be 2/(-5) - 17/(-5). Suppose d + i*g = -8, 0*d - 3*d = g. Calculate the highest common factor of 7 and d.
1
Suppose -b + 5 - 3 = 0. Suppose -w = -r + 1, b*r = -5*w - 2 - 3. Let g be 2 + 32 + (-3 - w). Calculate the greatest common factor of 8 and g.
8
Let g = 86 - 50. Let z(r) = -r**2 - 1